by 9?
6
Calculate the remainder when 1163 is divided by 58.
3
Calculate the remainder when 2917782 is divided by 845.
842
Calculate the remainder when 9502814 is divided by 147.
146
Calculate the remainder when 38158 is divided by 1589.
22
What is the remainder when 520550 is divided by 8?
6
What is the remainder when 136522 is divided by 22752?
10
Calculate the remainder when 81398 is divided by 636.
626
Calculate the remainder when 29312 is divided by 182.
10
What is the remainder when 4158 is divided by 1370?
48
Calculate the remainder when 70978 is divided by 105.
103
What is the remainder when 1622 is divided by 447?
281
What is the remainder when 21473 is divided by 3021?
326
What is the remainder when 66965 is divided by 44?
41
What is the remainder when 719 is divided by 165?
59
What is the remainder when 2139 is divided by 125?
14
What is the remainder when 1966 is divided by 448?
174
Calculate the remainder when 1226 is divided by 341.
203
What is the remainder when 17523 is divided by 376?
227
What is the remainder when 10189 is divided by 3229?
502
What is the remainder when 54411 is divided by 544?
11
Calculate the remainder when 6206 is divided by 16.
14
Calculate the remainder when 882 is divided by 304.
274
Calculate the remainder when 1625 is divided by 191.
97
What is the remainder when 77002 is divided by 9624?
10
What is the remainder when 2529 is divided by 842?
3
What is the remainder when 2316 is divided by 270?
156
What is the remainder when 3342819 is divided by 38?
35
Calculate the remainder when 11510 is divided by 1705.
1280
Calculate the remainder when 49064 is divided by 87.
83
Calculate the remainder when 16942 is divided by 5633.
43
Calculate the remainder when 100086 is divided by 30.
6
What is the remainder when 719 is divided by 33?
26
Calculate the remainder when 7696 is divided by 1276.
40
Calculate the remainder when 295827 is divided by 171.
168
Calculate the remainder when 278012 is divided by 237.
11
What is the remainder when 4068945 is divided by 2034470?
5
Calculate the remainder when 125201 is divided by 554.
551
What is the remainder when 29177 is divided by 164?
149
Calculate the remainder when 25181 is divided by 2515.
31
What is the remainder when 26825 is divided by 60?
5
What is the remainder when 6887 is divided by 14?
13
What is the remainder when 905 is divided by 653?
252
Calculate the remainder when 671 is divided by 219.
14
What is the remainder when 2023 is divided by 253?
252
Calculate the remainder when 15173 is divided by 1684.
17
What is the remainder when 4161 is divided by 4151?
10
Calculate the remainder when 32348 is divided by 243.
29
Calculate the remainder when 252069 is divided by 26.
25
Calculate the remainder when 93541 is divided by 619.
72
What is the remainder when 11665 is divided by 1658?
59
What is the remainder when 85469 is divided by 7765?
54
Calculate the remainder when 145511 is divided by 8.
7
Calculate the remainder when 21740 is divided by 237.
173
What is the remainder when 8617 is divided by 28?
21
What is the remainder when 1664 is divided by 533?
65
Calculate the remainder when 13600035 is divided by 69.
66
Calculate the remainder when 256949 is divided by 150.
149
Calculate the remainder when 278919 is divided by 10.
9
Calculate the remainder when 2385635 is divided by 53.
52
What is the remainder when 340875 is divided by 124?
123
What is the remainder when 67772 is divided by 22568?
68
What is the remainder when 41020 is divided by 13667?
19
What is the remainder when 14965 is divided by 58?
1
Calculate the remainder when 1110 is divided by 892.
218
What is the remainder when 14348 is divided by 26?
22
What is the remainder when 27906 is divided by 13949?
8
What is the remainder when 9600 is divided by 2395?
20
What is the remainder when 23241 is divided by 422?
31
Calculate the remainder when 26143 is divided by 71.
15
Calculate the remainder when 3311 is divided by 258.
215
Calculate the remainder when 909 is divided by 111.
21
What is the remainder when 63490 is divided by 137?
59
What is the remainder when 133163 is divided by 18?
17
Calculate the remainder when 118388 is divided by 5919.
8
Calculate the remainder when 15232 is divided by 1686.
58
What is the remainder when 22850 is divided by 313?
1
Calculate the remainder when 38565 is divided by 250.
65
What is the remainder when 7434 is divided by 201?
198
What is the remainder when 298 is divided by 226?
72
Calculate the remainder when 123865 is divided by 1409.
1282
Calculate the remainder when 1570 is divided by 32.
2
Calculate the remainder when 334472 is divided by 9.
5
Calculate the remainder when 9774 is divided by 33.
6
Calculate the remainder when 31251 is divided by 13.
12
Calculate the remainder when 1914 is divided by 292.
162
Calculate the remainder when 21269 is divided by 236.
29
Calculate the remainder when 68999 is divided by 10.
9
What is the remainder when 145398 is divided by 278?
4
Calculate the remainder when 206997 is divided by 24.
21
What is the remainder when 10602 is divided by 5296?
10
Calculate the remainder when 39275 is divided by 6545.
5
Calculate the remainder when 1468045 is divided by 4.
1
What is the remainder when 17920 is divided by 407?
12
What is the remainder when 2704158 is divided by 20?
18
Calculate the remainder when 1161 is divided by 90.
81
Calculate the remainder when 10348 is divided by 689.
13
What is the remainder when 1925 is divided by 380?
25
Calculate the remainder when 36499 is divided by 2431.
34
What is the remainder when 35978 is divided by 59?
47
Calculate the remainder when 20032 is divided by 4999.
36
Calculate the remainder when 190683 is divided by 76.
75
What is the remainder when 1689 is divided by 608?
473
Calculate the remainder when 14146 is divided by 1759.
74
Calculate the remainder when 7376 is divided by 85.
66
Calculate the remainder when 66418 is divided by 212.
62
What is the remainder when 26280 is divided by 61?
50
Calculate the remainder when 8537 is divided by 36.
5
Calculate the remainder when 71986 is divided by 14397.
1
Calculate the remainder when 145 is divided by 22.
13
What is the remainder when 9936 is divided by 6?
0
Calculate the remainder when 1337 is divided by 154.
105
Calculate the remainder when 7762 is divided by 297.
40
What is the remainder when 74729 is divided by 108?
101
Calculate the remainder when 1242 is divided by 1124.
118
What is the remainder when 245272 is divided by 947?
946
Calculate the remainder when 3351 is divided by 313.
221
Calculate the remainder when 29023 is divided by 75.
73
What is the remainder when 2783 is divided by 24?
23
Calculate the remainder when 215779 is divided by 2697.
19
Calculate the remainder when 37375 is divided by 519.
7
Calculate the remainder when 444405 is divided by 40398.
27
Calculate the remainder when 14280 is divided by 7132.
16
Calculate the remainder when 32750 is divided by 1169.
18
What is the remainder when 43509 is divided by 14?
11
Calculate the remainder when 15 is divided by 7.
1
Calculate the remainder when 7829 is divided by 784.
773
Calculate the remainder when 1357 is divided by 446.
19
Calculate the remainder when 11909 is divided by 1805.
1079
What is the remainder when 24658 is divided by 45?
43
What is the remainder when 22560 is divided by 19?
7
What is the remainder when 28137 is divided by 22?
21
Calculate the remainder when 66507 is divided by 776.
547
Calculate the remainder when 109024 is divided by 245.
244
Calculate the remainder when 159599 is divided by 190.
189
Calculate the remainder when 2400 is divided by 481.
476
Calculate the remainder when 404308 is divided by 126.
100
Calculate the remainder when 117609 is divided by 157.
16
What is the remainder when 41911 is divided by 1134?
1087
Calculate the remainder when 149830 is divided by 29.
16
What is the remainder when 14269 is divided by 176?
13
Calculate the remainder when 3308 is divided by 41.
28
What is the remainder when 13683 is divided by 464?
227
What is the remainder when 5521 is divided by 135?
121
Calculate the remainder when 127303 is divided by 127281.
22
What is the remainder when 74842 is divided by 253?
207
Calculate the remainder when 1159 is divi